se -4*j + 106 = -q. Is j a composite number?
True
Let y be 3/((-18)/4)*2721/2. Let c = y - -2880. Is c a prime number?
True
Let y be 686 - (2 - (3 - 0/4)). Is -1 - 6/(-4) - y/(-6) composite?
True
Suppose 3*g = -2*q + 10915, -28*q = 2*g - 25*q - 7270. Is g a prime number?
False
Let v(l) = 3*l**2 - l + 2. Let o be v(2). Suppose o*q - 20*q = -4888. Is q prime?
False
Let p(y) = -443*y + 75. Is p(-4) composite?
False
Let f be 5/15 + 2/(-6). Suppose f = 2*j - 3*j + 1. Let d = 16 - j. Is d prime?
False
Let n(i) = i**3 + 16*i**2 + 16*i - 2. Let o be n(-13). Suppose 3*r = o + 984. Is r a prime number?
False
Suppose 5*d - 7*d + 326 = 0. Suppose -j - d = -2*j. Is j a prime number?
True
Let n(f) = 1638*f**2 + 6*f - 19. Is n(5) prime?
True
Let c(b) = b**2 + 611. Suppose 4*g + 2*m + 0*m = 0, -3*g - 2*m = 0. Is c(g) a composite number?
True
Let g(x) be the second derivative of -5/6*x**4 + 5/2*x**3 + 0 - 1/20*x**5 - x - 11/2*x**2. Is g(-12) prime?
True
Suppose 0 = 3*m - 5*w - 32216, -2*w + 1024 = m - 9733. Is m a composite number?
True
Suppose -6 = -q - 1, 4*g - 2*q - 466 = 0. Is g composite?
True
Let m be 110/20 - 1/2. Suppose k + n = -0*n + 7, -15 = -m*n. Suppose 445 - 89 = k*y. Is y a prime number?
True
Let w(b) = b**3 + 17*b**2 + 7*b - 5. Let t be w(-16). Let j = 2739 + t. Suppose 4*u - 3*y - 3833 = 0, 5*y = -3*u + 4*y + j. Is u prime?
False
Let k = 26 + -76. Let y be k/(-18) + 2/9. Suppose -l - 2*f + 98 = -y*f, 3*f + 100 = l. Is l a composite number?
False
Is ((-36174)/(-1))/(-5 + 7) prime?
False
Suppose 4*r - 8 - 12 = -5*q, -q + 20 = 4*r. Is 48/80 + 1 + 20997/r a composite number?
False
Let l(y) = 12*y - 2. Suppose 9*w - 12*w - 18 = 0. Let b = w + 8. Is l(b) a prime number?
False
Let u = -4049 - -5697. Let z = u + -551. Is z composite?
False
Suppose 5*l + 284 - 319 = 0. Suppose -l*n = 10*n - 23069. Is n a prime number?
False
Let t(u) = u**2 - u - 7. Let q be t(0). Let b = 10 + q. Suppose 2*y = -b*c + 6*c - 263, -2*c = -y - 174. Is c a composite number?
True
Is 1 + (-20)/4 + (11866 - -1) prime?
True
Let y(s) = 2*s - 14. Let n be y(11). Let a = n - 3. Suppose -2*b = -a*b + 57. Is b a composite number?
False
Let l(u) = 38*u + 2 - 4 - 3. Let s(n) = n**3 + 4*n**2 - 6*n + 1. Let b be s(-5). Is l(b) a prime number?
True
Is 11968 + 5/(6 - 11) a prime number?
False
Suppose 2*d - 6 = -m, -3*m - 2 = d - 15. Let z(k) = m*k**2 + 3*k**3 - 9*k**3 + k**2 - 3*k + k**3 + 2. Is z(-5) composite?
True
Suppose -4*z + 6*z = -3*s + 7313, 5*z = -4*s + 9753. Is s prime?
True
Is ((-7)/(-6))/(9/29214) a composite number?
True
Let t = -6 + 10. Let y be 14/t - 1/(-2). Suppose -s = -2*s - 5*f + 125, -8 = -y*f. Is s composite?
True
Suppose -3*h = -4 - 11. Let q be h/((-10)/(-1866)) - -2. Suppose 5*g + 0*g = q. Is g a prime number?
False
Let j be -3 - (2/10 + (-11526)/5). Suppose 0 = 2*d - 4*d + j. Is d composite?
False
Let y = 1156 - -5299. Is y a composite number?
True
Suppose 5*b + 3*w - 922 = 16107, -10213 = -3*b - 4*w. Suppose 0 = 3*f - l - b, -f + 6*f - 2*l = 5679. Is f a composite number?
True
Suppose -3*s + 5*s - 186 = 0. Suppose -s = -4*o + 143. Is o prime?
True
Let z(h) = h**3 + 10*h**2 + 4*h - 10. Suppose 0 = 2*x + 3*x - 3*r + 41, 3*r = -2*x - 8. Is z(x) composite?
False
Let j(q) = -q**3 - 6*q**2 - 40*q - 36. Is j(-21) prime?
False
Suppose 0 = -2*b + w + 1357 + 1598, -7381 = -5*b - 4*w. Is b prime?
False
Suppose -9218 = -7*n - 1161. Is n prime?
True
Let b(q) = 5. Let x(h) = -46*h - 12. Let n(k) = -b(k) - x(k). Let d = 0 - -3. Is n(d) a prime number?
False
Let m(v) = 683*v - 1. Let y be m(1). Let u(l) = -10*l**2 + 9*l + 16. Let b be u(-4). Let w = b + y. Is w composite?
True
Let m = 231620 - 138927. Is m prime?
True
Is 67822/(-10)*(7 + -18 + 6) prime?
True
Suppose 0 = 2*o - 1014 + 358. Suppose -2*f = -4*u - 342, -u = -2*f - 4*u + o. Is f prime?
True
Let m(d) = 16*d + 3. Let t(g) = -g. Let i(k) = -m(k) + 4*t(k). Let u = 847 - 860. Is i(u) a prime number?
True
Let p = 21 - 20. Suppose -d = 2*k + 4*d + 19, -2*k - d = -p. Suppose 0 = -k*n - 45 + 138. Is n a composite number?
False
Let t(d) be the second derivative of 7*d**4/4 + 2*d**3/3 - d**2 - 5*d. Is t(7) a prime number?
False
Suppose 0 = -3*g + 4*r - 2, -4*g - 5*r = -0*g - 18. Suppose w = g*w + 1, 1418 = 2*c - 4*w. Is c a composite number?
True
Suppose 0 = 11*o - 13*o + 38694. Is o a composite number?
True
Suppose 5*l - 213 = 4*g + 8526, l - 1767 = -4*g. Is l a composite number?
True
Let x(a) = -a - 3. Let w be x(-3). Let y be 87/58 + (-169)/(-2). Suppose w = 2*m + 12 - y. Is m composite?
False
Is (-2*1)/((-157031)/(-31409) - 5) a composite number?
True
Let s(r) = 65*r**3 + 2*r**2 + 3*r - 3. Is s(4) prime?
True
Let k(d) = -465*d**3 - 3*d**2 + 24*d + 19. Is k(-6) a prime number?
True
Suppose 5*d + 107862 = k + 618159, -3*k - 204124 = -2*d. Is d a composite number?
False
Let x(k) = -k**2 + k - 1. Let i(v) = -21*v + 43. Let l(c) = i(c) - 2*x(c). Is l(26) a prime number?
False
Let i = 26 - 30. Let k(h) = 20*h**2 + 2*h + 5. Is k(i) a composite number?
False
Is (205051 - -19)/(-1 - -3) composite?
True
Let y = 377 - 251. Suppose 2*r + y - 618 = 4*c, 1286 = 5*r + 4*c. Is r prime?
False
Suppose -3*b = -4*z + 3430, 0*z - 4*z + 2*b + 3432 = 0. Suppose 5*q + 3*f - 1688 = 0, 5*q + 2*f - 2546 = -z. Is q composite?
False
Let q(r) = 5032*r + 9. Is q(2) composite?
True
Suppose -v + 23 = -1. Let b = -12 + v. Suppose -b*l = -15*l + 801. Is l a composite number?
True
Let x(h) = 5*h**2 - 4*h + 19. Let q(n) = 4*n**2 - 4*n + 19. Let g(b) = 4*q(b) - 3*x(b). Is g(-8) a composite number?
True
Let o(v) = 21*v - 29. Let z be o(13). Let u = z - -5. Is u composite?
True
Let c(a) = a**2 + a - 2. Let l be c(4). Let d = -15 + l. Suppose -4*u = -d*u - 191. Is u prime?
True
Suppose -28*o = -24*o + j - 24520, -2*o - 2*j + 12254 = 0. Is o a composite number?
False
Let p(z) = -25*z**3 + 5*z**2 - 1 + 0*z + z + 2*z - 2. Is p(-2) a composite number?
False
Suppose 10*c = -69977 + 570667. Is c a prime number?
True
Suppose 11*y - 12*y + 2999 = 0. Is y composite?
False
Suppose 0 = m + 4*w - 127 - 930, -m = 2*w - 1049. Suppose -2*d = d - m. Is d a composite number?
False
Suppose 20333 = 5*w + 4*g, 4*g = 2*w + 2*g - 8144. Is w prime?
False
Suppose -4 = 3*n + 2*y, 7*y - 4 = -4*n + 2*y. Let z be (-4)/16 - 389/n. Is z + -6*(-3)/(-6) a composite number?
True
Let m(p) = 2*p**2 - 8*p - 6. Let c be m(5). Suppose 4*q + 3*r - 120 = 0, -c*q + 0*r + 3*r = -144. Is q a composite number?
True
Suppose -4*m - 195466 = -4*g - 48786, 183341 = 5*g - 2*m. Is g a prime number?
False
Suppose 9*z - 720 = 6804. Let l = 1465 - z. Is l composite?
True
Suppose -96963 = -10*o + 20257. Is o composite?
True
Let j(w) be the third derivative of w**6/180 - w**5/120 + w**4/12 + 2*w**2. Let u(c) be the second derivative of j(c). Is u(9) a prime number?
False
Suppose 3*n = 2*g - 18877, -g + 3*n = -2*n - 9428. Suppose 7*v - 11130 = g. Is v a prime number?
True
Let b(r) = 10*r - 4. Let l(a) = 3*a - 1. Let f(h) = -6*b(h) + 17*l(h). Let z be f(3). Is (z/8)/(1/(-22)) composite?
True
Let t be ((-2)/6)/((-4)/168). Suppose 2 + t = 4*n. Suppose 3*m = b - 226, n*m = 4*b - 463 - 401. Is b a composite number?
False
Suppose 0 = 2*u - 2*m - 1464, -15*m = -10*m - 5. Is u composite?
False
Let p be -598 - (0 - (5 - 1)). Let q be (1091/(-3))/((-3)/9). Let a = q + p. Is a composite?
True
Suppose 0 = o + 1 - 104. Suppose 0 = -3*m + 2*m - 3*n + 103, -m - 5*n = -o. Suppose 3*a - 230 = m. Is a prime?
False
Suppose -3*h = 3*o - 12, 3*o - 9 = 3*h + 9. Suppose -1580 - 1590 = o*r. Let g = -165 - r. Is g a prime number?
False
Let o = 8828 - 3871. Is o a composite number?
False
Suppose 7 = -4*r + 11. Is (r/(-2))/(7474/(-1868) - -4) composite?
False
Let z(p) = -10*p**3 - 30*p**2 + 12*p + 33. Let f(m) = -7*m**3 - 20*m**2 + 8*m + 22. Let k = -3 + -2. Let q(o) = k*z(o) + 7*f(o). Is q(-8) prime?
True
Let z(t) = 1031*t**2 - 2*t + 1. Let w be z(1). Let h be (1 - -6) + 3/(-1). Suppose -v = h*v - w. Is v a prime number?
False
Let t(y) = -70*y - 3. Let r be t(-3). Suppose -h + 177 = -r. Let w = h + -253. Is w prime?
True
Let d = 3159 - 1588. Is d composite?
False
Let a(x) = 2*x**2 - x - 1. Let v be a(-1). Suppose -u + 587 = f, -3*f - 1691 = -v*u - 517. Is u prime?
True
Let z(k) = 2*k**3 + 5*k + 15511. Is z(0) a prime number?
True
Suppose -